{"id":165,"date":"2021-07-23T16:18:34","date_gmt":"2021-07-23T16:18:34","guid":{"rendered":"https:\/\/85oechsle.de\/?page_id=165"},"modified":"2021-07-23T16:45:37","modified_gmt":"2021-07-23T16:45:37","slug":"wein-ist","status":"publish","type":"page","link":"https:\/\/85oechsle.de\/index.php\/wein-viki-wein\/wein-ist\/","title":{"rendered":"Wein ist &#8230;"},"content":{"rendered":"\n<h2 class=\"has-vivid-red-color has-text-color has-medium-font-size wp-block-heading\"><br>\u2026 f\u00fcr mich so unendlich viel mehr als vergorener Traubensaft.<\/h2>\n\n\n\n<p><br><strong>Wein ist Emotion<\/strong> \u2013 Bei richtig guten Weinen steigen mir immer noch Tr\u00e4nen in die Augen \ud83d\ude09 \u00a0<br><br><\/p>\n\n\n\n<p><strong>Wein ist purer Leidenschaft und Hingabe<\/strong> \u2013 Wie viele Stunden sitzt man \u00fcber B\u00fcchern und versucht sich irgendwelche Zahlen in den Kopf zu quetschen? Wie oft zittert der Winzer, ob das Gewitter vor\u00fcberzeiht oder der Frost kommt?<br><br><\/p>\n\n\n\n<p><strong>Wein ist Harmonie <\/strong>\u2013 Sollte guter Wein nicht im Einklang mit der Natur entstehen? Und sollte er nicht auch f\u00fcr Ruhe und Entspannung sorgen?<br><br><\/p>\n\n\n\n<p><strong>Wein sorgt f\u00fcr Diskussion <\/strong>\u2013 Was gibt es Sch\u00f6neres unter Weinnerds als ewig \u00fcber Weine zu diskutieren und Meinungen auszutauschen? Ich liebe solche Abende!<br><br><br><\/p>\n\n\n\n<figure class=\"wp-block-gallery columns-2 is-cropped wp-block-gallery-1 is-layout-flex wp-block-gallery-is-layout-flex\"><ul class=\"blocks-gallery-grid\"><li class=\"blocks-gallery-item\"><figure><img loading=\"lazy\" decoding=\"async\" width=\"1024\" height=\"768\" src=\"https:\/\/85oechsle.de\/wp-content\/uploads\/2021\/07\/Wein-ist-...-1-1024x768.jpg\" alt=\"\" data-id=\"172\" data-full-url=\"https:\/\/85oechsle.de\/wp-content\/uploads\/2021\/07\/Wein-ist-...-1.jpg\" data-link=\"https:\/\/85oechsle.de\/index.php\/wein-viki-wein\/wein-ist\/wein-ist-1\/\" class=\"wp-image-172\" srcset=\"https:\/\/85oechsle.de\/wp-content\/uploads\/2021\/07\/Wein-ist-...-1-1024x768.jpg 1024w, https:\/\/85oechsle.de\/wp-content\/uploads\/2021\/07\/Wein-ist-...-1-300x225.jpg 300w, https:\/\/85oechsle.de\/wp-content\/uploads\/2021\/07\/Wein-ist-...-1-768x576.jpg 768w, https:\/\/85oechsle.de\/wp-content\/uploads\/2021\/07\/Wein-ist-...-1-1536x1152.jpg 1536w, https:\/\/85oechsle.de\/wp-content\/uploads\/2021\/07\/Wein-ist-...-1-1140x855.jpg 1140w, https:\/\/85oechsle.de\/wp-content\/uploads\/2021\/07\/Wein-ist-...-1.jpg 1672w\" sizes=\"auto, (max-width: 1024px) 100vw, 1024px\" \/><\/figure><\/li><li class=\"blocks-gallery-item\"><figure><img loading=\"lazy\" decoding=\"async\" width=\"1024\" height=\"768\" src=\"https:\/\/85oechsle.de\/wp-content\/uploads\/2021\/07\/Wein-ist-...-2.jpg\" alt=\"\" data-id=\"173\" data-full-url=\"https:\/\/85oechsle.de\/wp-content\/uploads\/2021\/07\/Wein-ist-...-2.jpg\" data-link=\"https:\/\/85oechsle.de\/index.php\/wein-viki-wein\/wein-ist\/wein-ist-2\/\" class=\"wp-image-173\" srcset=\"https:\/\/85oechsle.de\/wp-content\/uploads\/2021\/07\/Wein-ist-...-2.jpg 1024w, https:\/\/85oechsle.de\/wp-content\/uploads\/2021\/07\/Wein-ist-...-2-300x225.jpg 300w, https:\/\/85oechsle.de\/wp-content\/uploads\/2021\/07\/Wein-ist-...-2-768x576.jpg 768w\" sizes=\"auto, (max-width: 1024px) 100vw, 1024px\" \/><\/figure><\/li><\/ul><\/figure>\n\n\n\n<p><strong>Wein ist Genuss<\/strong> \u2013 Fr\u00fcher habe ich Nudeln mit Ketchup gegessen und sonst nicht recht viel mehr. Durch Wein hat sich meine komplette Einstellung zu Ern\u00e4hrung und Genuss ver\u00e4ndert. Durch Wein habe ich gelernt den Moment zu genie\u00dfen und im Hier und Jetzt zu sein.<br><br><\/p>\n\n\n\n<p><strong>Wein hei\u00dft lernen<\/strong> \u2013 Geografie, Geologie, Geschichte, Meteorologie, Chemie \u2026 klingt wie Schule, ist aber viel besser.<br><br><\/p>\n\n\n\n<p><strong>Wein bedeutet entdecken, erforschen und Neues kennenlernen<\/strong> \u2013 Wie viele Orte habe ich nur deshalb gesehen, weil ich mich mit Wein besch\u00e4ftige? Wie viele Neue Eindr\u00fccke konnte ich nur dank des Weines sammeln? Ich habe nie mitgez\u00e4hlt, aber nachdem jeder Urlaub von Wein bestimmt ist, waren es etliche und ich freue mich auf jeden Neuen.<br><br><\/p>\n\n\n\n<p><strong>Wein verbindet Menschen <\/strong>\u2013 F\u00fcr mich ist guter Wein nur so gut, wie der Moment, in dem ich ihn genie\u00dfe. Und dieser Moment wird immer durch die Menschen definiert, die ihn mit mir teilen. Durch Wein habe ich wunderbare Menschen kennengelernt, denn Wein baut Br\u00fccken zwischen Nationalit\u00e4ten, Kulturen und Sprachen.<br><\/p>\n","protected":false},"excerpt":{"rendered":"<p>\u2026 f\u00fcr mich so unendlich viel mehr als vergorener Traubensaft. Wein ist Emotion \u2013 Bei richtig guten Weinen steigen mir immer noch Tr\u00e4nen in die Augen \ud83d\ude09 \u00a0 Wein ist purer Leidenschaft und Hingabe \u2013 Wie viele Stunden sitzt man \u00fcber B\u00fcchern und versucht sich irgendwelche Zahlen in den Kopf zu quetschen? Wie oft zittert der Winzer, ob das Gewitter vor\u00fcberzeiht oder der Frost kommt? Wein ist Harmonie \u2013 Sollte guter Wein nicht im Einklang mit der Natur entstehen? Und sollte er nicht auch f\u00fcr Ruhe und Entspannung sorgen? Wein sorgt f\u00fcr Diskussion \u2013 Was gibt es Sch\u00f6neres unter Weinnerds als ewig \u00fcber Weine zu diskutieren und Meinungen auszutauschen? Ich liebe solche Abende! Wein ist Genuss \u2013 Fr\u00fcher habe ich Nudeln mit Ketchup gegessen und sonst nicht recht viel mehr. Durch Wein hat sich meine komplette Einstellung zu Ern\u00e4hrung und Genuss ver\u00e4ndert. Durch Wein habe ich gelernt den Moment zu genie\u00dfen und im Hier und Jetzt zu sein. Wein hei\u00dft lernen \u2013 Geografie, Geologie, Geschichte, Meteorologie, Chemie \u2026 klingt wie Schule, ist aber viel besser. Wein bedeutet entdecken, erforschen und Neues kennenlernen \u2013 Wie viele Orte habe ich nur deshalb gesehen, weil ich mich mit Wein besch\u00e4ftige? Wie viele Neue Eindr\u00fccke konnte ich nur dank des Weines sammeln? Ich habe nie mitgez\u00e4hlt, aber nachdem jeder Urlaub von Wein bestimmt ist, waren es etliche und ich freue mich auf jeden Neuen. Wein verbindet Menschen \u2013 F\u00fcr mich ist guter Wein nur so gut, wie der Moment, in dem ich ihn genie\u00dfe. Und dieser Moment wird immer durch die Menschen definiert, die ihn mit mir teilen. Durch Wein habe ich wunderbare Menschen kennengelernt, denn Wein baut Br\u00fccken zwischen Nationalit\u00e4ten, Kulturen und Sprachen.<\/p>\n","protected":false},"author":1,"featured_media":0,"parent":76,"menu_order":0,"comment_status":"closed","ping_status":"closed","template":"","meta":{"footnotes":""},"class_list":["post-165","page","type-page","status-publish","hentry"],"_links":{"self":[{"href":"https:\/\/85oechsle.de\/index.php\/wp-json\/wp\/v2\/pages\/165","targetHints":{"allow":["GET"]}}],"collection":[{"href":"https:\/\/85oechsle.de\/index.php\/wp-json\/wp\/v2\/pages"}],"about":[{"href":"https:\/\/85oechsle.de\/index.php\/wp-json\/wp\/v2\/types\/page"}],"author":[{"embeddable":true,"href":"https:\/\/85oechsle.de\/index.php\/wp-json\/wp\/v2\/users\/1"}],"replies":[{"embeddable":true,"href":"https:\/\/85oechsle.de\/index.php\/wp-json\/wp\/v2\/comments?post=165"}],"version-history":[{"count":13,"href":"https:\/\/85oechsle.de\/index.php\/wp-json\/wp\/v2\/pages\/165\/revisions"}],"predecessor-version":[{"id":207,"href":"https:\/\/85oechsle.de\/index.php\/wp-json\/wp\/v2\/pages\/165\/revisions\/207"}],"up":[{"embeddable":true,"href":"https:\/\/85oechsle.de\/index.php\/wp-json\/wp\/v2\/pages\/76"}],"wp:attachment":[{"href":"https:\/\/85oechsle.de\/index.php\/wp-json\/wp\/v2\/media?parent=165"}],"curies":[{"name":"wp","href":"https:\/\/api.w.org\/{rel}","templated":true}]}}